n = 5*h - 68, 3*n = 2*h + 24 - 104. Let k be n/(-18)*(-75)/(-2). Suppose -k = -2*t + 6. Calculate the highest common factor of 7 and t.
7
Let l = 5 + 6. Suppose -g + 692 = 3*g. Let m = -96 + g. What is the highest common divisor of l and m?
11
Suppose -15 = -3*y, 38*h - 42*h = -4*y - 12. Calculate the greatest common divisor of h and 6120.
8
Let p = -3026 + 3082. What is the greatest common divisor of 2240 and p?
56
Let q = -4329 + 5569. Calculate the highest common factor of 70 and q.
10
Let t be (-8)/(23 + 1032/(-45) + 34/(-210)). What is the greatest common factor of 37716 and t?
84
Let p(a) = a**3 - 10*a**2 + 7*a + 19. Let x be p(9). Suppose 321 + 279 = 12*m. What is the highest common factor of x and m?
1
Suppose x - 56330 = 4*d, -3*x = -1339*d + 1344*d - 168956. What is the greatest common divisor of 378 and x?
378
Let x(j) = 49*j - 830. Let b be x(18). Calculate the highest common divisor of 351 and b.
13
Let t = 3697 + -3681. Calculate the highest common divisor of 1424 and t.
16
Let h(r) = -24083*r - 274. Let n be h(-1). Calculate the highest common divisor of 29 and n.
29
Suppose -11729 = -4*h + 5*m + 13971, 0 = 5*h - 4*m - 32143. What is the highest common factor of h and 572?
143
Let l be ((-62)/(-7))/(2175/3927 + 42/(-77)). What is the greatest common divisor of 62 and l?
62
Let s = 9232 + -8994. Calculate the greatest common factor of s and 161.
7
Let q(a) = -4*a**3 - a**2 + 4*a + 4. Let d be q(5). Let u = -459 - d. What is the highest common divisor of 196 and u?
14
Suppose -4*o - 24*o + 960 = -4*o. What is the highest common divisor of o and 270?
10
Let z = -8914 - -9009. Let f be 10/(-3)*(-3)/2. Calculate the greatest common divisor of z and f.
5
Suppose -115631 = -79*o + 3079 + 101937. Calculate the highest common factor of 19 and o.
19
Let f be (-105)/28 - -4 - (4 + (-27390)/8). What is the highest common divisor of 475 and f?
95
Suppose 0 = 2*t, -3*l + 7*t + 6846 = 2*t + 2*t. Calculate the highest common divisor of 49 and l.
7
Let r be ((-1886)/(-161))/(8/756). What is the greatest common divisor of 328 and r?
41
Suppose 2*g + 525 = 17*g. What is the highest common divisor of 4655 and g?
35
Suppose 3*d + 31 = 22, q - 2135 = -4*d. Calculate the greatest common divisor of q and 19.
19
Let u = -13242 - -13252. Calculate the greatest common factor of 1076 and u.
2
Suppose -14*v + 13*v = 3*k - 29, -4*k + 27 = -v. Suppose 4*y - 3*d - 103 = 0, -5*y + 3*d - k*d + 155 = 0. Calculate the greatest common factor of y and 140.
28
Suppose 9*c = -12*c + 105. Suppose 23*i - 25*i + 17 = -l, c*l - 55 = -4*i. Calculate the highest common factor of 130 and i.
10
Suppose -4*b + 248 = 3*k - 2*b, 4*b = -5*k + 410. Let l = k + -80. Let t = 32 - 23. What is the greatest common divisor of t and l?
3
Suppose 5810*p = 5875*p - 7410. Suppose o = 2*o - 6. What is the greatest common divisor of o and p?
6
Let u = -15798 + 27548. What is the greatest common divisor of u and 40?
10
Suppose -860*m + 846*m + 69608 = 0. Calculate the greatest common divisor of 176 and m.
44
Let t(i) = 37*i**2 + 2*i - 21. Let j be t(3). Suppose j + 178 = 4*y. Calculate the highest common factor of 31 and y.
31
Suppose 0 = 6*w - 12, -2*x + 1546 = -16*w + 21*w. Calculate the greatest common divisor of 288 and x.
96
Let k(d) = 19*d - 5. Let m be k(5). Suppose -4*h - 32 + 151 = -3*r, 3*h = 2*r + m. Calculate the highest common divisor of h and 72.
8
Let h be (-9 + 3)*(-1)/2. Let d(t) = -6*t**3 - 3*t + 3 - h*t**3 - t**2 - 1 - 1. Let z be d(-2). Calculate the highest common factor of z and 30.
15
Let g(j) = 8*j + 4. Let c be g(6). Let m(x) = 47 - 37*x - 53 + 23*x. Let r be m(-6). Calculate the highest common factor of r and c.
26
Let l be (4 - -1) + (-50)/(-10). Suppose 17*h + 4 = 106. Calculate the greatest common factor of l and h.
2
Let u(o) = -39*o + 334. Let n be u(-12). Let t = n + -770. Calculate the highest common divisor of 248 and t.
8
Suppose 5*g = 7 + 3. Suppose 4*p + 5*n = -21, n = -3*p - 54 + 52. What is the highest common factor of g and p?
1
Let t(w) = 1263*w - 4881. Let v be t(4). Calculate the greatest common divisor of 3249 and v.
171
Suppose -13 - 87 = -5*d. Let t = -61 + 94. Suppose 0 = 34*a - t*a - 80. Calculate the highest common divisor of d and a.
20
Suppose -2*v + 9 = -3. Suppose v*c - 3 - 9 = 0. Let l(g) = -5*g - 24. Let z be l(-6). Calculate the greatest common divisor of z and c.
2
Suppose -24*y = -15*y - 1467. Let b = 238 - y. Suppose -5*q = -0*q - 75. What is the greatest common factor of q and b?
15
Let b(y) = y**2 - 9*y + 202. Let u be b(31). What is the highest common factor of u and 91?
13
Let t be 2/(-18) - (-259791)/2403. Calculate the highest common divisor of 2484 and t.
108
Let t = 69 + -77. Let v be (-4)/6 - (-1 - t/(-3)). Suppose v*i = 2 + 61. What is the greatest common factor of 168 and i?
21
Let v be 6/8 - (-1155)/44. What is the highest common divisor of 1089 and v?
9
Let j(i) = 50*i**2 + 1. Let k be j(-1). Suppose -y + 47 = 46, -5*y - 37 = -7*n. What is the highest common factor of n and k?
3
Let u = -187 + 146. Let f = -38 - u. What is the highest common divisor of f and 57?
3
Let s be 5428/(-8)*(-8 - 60/(-10)). Calculate the highest common divisor of 414 and s.
23
Let s be 1*-4*(-94)/8. Let r = -17073 - -17120. What is the highest common factor of s and r?
47
Let p = 4306 - 4097. Calculate the highest common divisor of 143 and p.
11
Let y(j) = -94*j**2 + 818*j + 18. Let h be y(8). What is the greatest common factor of 1352 and h?
26
Suppose 241*x - 236*x + 420 = 5*a, -252 = -3*a + 4*x. What is the highest common divisor of 2292 and a?
12
Let y = 187 - 184. Suppose -47 = -y*f + 52. What is the greatest common divisor of f and 264?
33
Suppose -9*r + 47 = -169. Suppose -45*w = -49*w + r. Let t be (-3)/(((-9)/3)/3). Calculate the greatest common divisor of w and t.
3
Let h be 2562/12*(-24)/(-42). Suppose 16*p = h + 598. Calculate the highest common divisor of 120 and p.
15
Let z = -18438 + 18801. Calculate the greatest common factor of z and 1089.
363
Suppose 290*n = -50*n - 8*n + 11832. What is the greatest common factor of n and 44166?
34
Let f be -3 + (4 - 2) + 127*1. Suppose -86*i - f = -89*i. Calculate the highest common factor of 98 and i.
14
Let u be 4 - (-585)/10*5*2. Let i = u - 562. Calculate the greatest common divisor of i and 153.
9
Suppose -15*j + 609 + 651 + 690 = 0. What is the greatest common divisor of 1261 and j?
13
Let q(z) = z**2 + z - 135. Suppose 58 + 46 = -8*o. Let g be q(o). Calculate the highest common factor of g and 567.
21
Let r be -45 + 54 + (25 - 1). What is the highest common divisor of 108 and r?
3
Let d be -3 - (-9*(-4)/18 - 18). Calculate the greatest common factor of d and 1261.
13
Let c be (-3062)/(-60)*4 + 3*(-18)/405. Calculate the greatest common factor of 324 and c.
12
Suppose 0 = 2*w - 5*z - 2720, -5470 = -4*w - 720*z + 715*z. What is the highest common divisor of 780 and w?
195
Let t(r) = -119*r + 26 - 95 + 124*r. Let j be t(15). Suppose -5*g + 9 + 1 = 0. What is the greatest common divisor of j and g?
2
Let f be ((-3204)/(-21))/((-36)/(-378)). Calculate the greatest common divisor of 18 and f.
18
Let a = -87 + 92. Suppose 4*i = -t - 117, 6*t + a*i + 358 = 3*t. Let s = 122 + t. What is the highest common divisor of 4 and s?
1
Suppose -49 - 1085 = -6*k. Suppose 0 = -2*w - 43 + 97. What is the highest common factor of k and w?
27
Suppose -2*l + 78 = 3*j, 3*l - 5*l = -4*j - 64. Let v be l - ((-2 - -2) + -2). Let a = v + -36. What is the highest common factor of 18 and a?
2
Suppose 9*z - 2 - 43 = 0. Suppose -2*n - 1203 = -z*s - 5*n, -2*s - 5*n = -485. What is the highest common divisor of 30 and s?
30
Let j = -12011 + 14696. Calculate the greatest common factor of j and 5.
5
Suppose f + 1 = -0*y - 4*y, -4*y = -5*f - 5. Let k be 5 + 1 - 2*f. Suppose -2*t = 3*a - k, a = -0*a - 4. Calculate the highest common divisor of 5 and t.
5
Let k(c) = -c**3 + 7*c**2 + 9*c - 1. Let m be k(8). Let l be 95/m + 6/14. What is the greatest common factor of 56 and l?
14
Let c(u) = -204*u - 5980. Let r be c(-30). Suppose 337 = 5*b - 83. Calculate the greatest common divisor of b and r.
28
Let p(o) = 265*o**2 + 267*o - 3016. Let f be p(11). What is the greatest common factor of 18 and f?
18
Let u(t) = t + 9. Let c be